ppose -111*a + 731 = -94*a. Suppose a*d - 8659 = 36*d. What are the prime factors of d?
1237
Let p(r) = 2625*r + 152. What are the prime factors of p(1)?
2777
Suppose -7*u + 24*u = -7*u. Suppose u = 4*y - 50 - 590. List the prime factors of y.
2, 5
Let j(m) = m**3 - m**2 - 2*m + 144. Let n be j(0). Let p be (-18)/(-45) + n/15. Let k = 76 - p. List the prime factors of k.
2, 3, 11
Suppose -3136 + 1033 = -d. Suppose 0 = 92*j - 95*j + d. What are the prime factors of j?
701
Let h = 168 + -88. Suppose -h = 6*t - 14*t. Suppose 264 = -8*o + t*o. List the prime factors of o.
2, 3, 11
Let h be ((-4)/(-4))/(1/1). Let u(x) = -8*x + 1 - h - 10. What are the prime factors of u(-6)?
2, 19
Let p(v) = 2*v**3 - 19*v**2 - 5*v + 23. Let g be p(10). Suppose 71*h + 148 = g*h - 2*k, -3*h + 219 = -4*k. What are the prime factors of h?
7, 11
Let j(g) = 33*g**2 + 53*g - 950. List the prime factors of j(-39).
2, 5897
Suppose 132099 = -44066*q + 44069*q. What are the prime factors of q?
11, 4003
Suppose -2*d = -0*d - 138. Let w be (-90)/4*724/(-1629). Let c = d - w. List the prime factors of c.
59
Let q = 5470 + 6871. List the prime factors of q.
7, 41, 43
Suppose -m - 1579 = -g, 8*g + 234*m - 12668 = 233*m. What are the prime factors of g?
1583
Suppose 4*z - 3*r = -281, 353 = -5*z + r + r. Let i = 2218 - 2348. Let a = z - i. List the prime factors of a.
59
Let a(f) = 842*f + 15810. What are the prime factors of a(49)?
2, 11, 1297
Suppose -4*z = -12, -2*a - 7 = -0*a - 5*z. Suppose 2*c - a*r = -0*r + 604, -4*c + 3*r = -1213. List the prime factors of c.
2, 19
Let y(n) = -2*n**2 - 35*n - 24. Let c be y(-16). List the prime factors of (c + 1748)*(-1)/(-4).
443
List the prime factors of 3*(-1)/2 - (-17 - 1464435/42).
34883
Suppose -3 = -3*b - 2*v, v - 4*v = -2*b + 2. Let c(n) = 57*n**3 - 2*n**2 + 2*n + 1. Let p be c(b). Suppose 8*o = 7*o + p. What are the prime factors of o?
2, 29
Suppose -5*g + 23992 = 2*y, -2*y - 8549 = -4*g + 10659. List the prime factors of g.
2, 3, 5
Let c = 80 - 78. Suppose -c*f + 16*r + 796 = 12*r, -2*r = 4*f - 1562. What are the prime factors of f?
2, 7
List the prime factors of (6/36*(-19086)/4)/((-4)/48).
3, 3181
Let u = -278 - -36. Suppose r - 2*o - 140 = -522, 0 = 2*r + 4*o + 788. Let b = u - r. What are the prime factors of b?
2, 73
Let b(h) = -2868*h - 844. What are the prime factors of b(-14)?
2, 31, 317
Suppose 5*o - 3*o = 0. Suppose v + 10 = -j, o = -3*v + 4*j + 4 - 13. Let z = 47 - v. What are the prime factors of z?
2, 3
Suppose 2*a + 0*a = l - 2, 4*a = 4. What are the prime factors of 2/l + (6318/4 - -2)?
2, 7, 113
Let b(l) = -l**3 - 14*l**2 + 13*l + 1. Let s be b(-15). Suppose s*i = 1161 - 107. What are the prime factors of i?
2, 17
Let s(c) = -c**3 - 4*c**2 + 7*c + 12. Let o be s(-5). Suppose o + 1 = -n, -v + 87 = -4*n. What are the prime factors of v?
3, 5
Suppose 0 = -2*m - 0*m + 4. Suppose -h = -2*b + 48, -m*b + 42 - 6 = -4*h. What are the prime factors of -1 + (2 - b)*(-10)/3?
79
Suppose 4*d - 5*a - 2432 = 0, -16*d + 15*d = 5*a - 583. Suppose 5*l - j + 481 = 1234, -4*l + j + d = 0. List the prime factors of l.
2, 3, 5
Suppose 2*q - 19015 = -j + 2106, -5*j = -4*q + 42249. List the prime factors of q.
59, 179
Suppose 1026093 - 142263 = 13*l + 4*l. What are the prime factors of l?
2, 3, 5, 1733
Let u(r) = -2*r**3 + 2*r**2 + 22*r - 36. List the prime factors of u(-19).
2, 3, 7, 37
Let u be -3*(-4)/(-6) - -6. Suppose -9*m + 301 = -50. What are the prime factors of u*(m/4 + 1)?
43
Suppose 3*i - t - 7 = -12, -3*i = -3*t + 3. What are the prime factors of (-8490)/(-20) - 10 - i/4?
5, 83
Suppose 8*w = -278 + 38. Let l be 18/5 - 12/w. Suppose 2*z = -l*u - u + 846, -u + 180 = -5*z. List the prime factors of u.
2, 5, 17
Suppose 3*y = -22*y + 15*y + 13010. What are the prime factors of y?
1301
Suppose -93780 = -4*b + 2*m, -47*m + 51*m - 23445 = -b. What are the prime factors of b?
3, 5, 521
List the prime factors of -410*(-17)/((2/5)/(98/245)).
2, 5, 17, 41
Let a = 3868 + -974. What are the prime factors of a?
2, 1447
Let y(s) = -s**3 + s**2 + 9*s + 1. Let r be y(-4). Let u = r - 3. Let m = u + 72. What are the prime factors of m?
2, 3, 19
Let f(y) = 61239*y**2 + 462*y + 465. List the prime factors of f(-1).
2, 3, 59, 173
Let m(z) = 4829*z - 35. Let o be m(3). Suppose -o + 5256 = -22*v. List the prime factors of v.
2, 11, 19
Suppose -868802 = -24*n + 585920 + 187094. What are the prime factors of n?
3, 11, 691
Let p be (-6 + 9/3)*(-10)/3. Suppose -21*r = -p*r - 5445. List the prime factors of r.
3, 5, 11
Let a = 11715 - 2862. List the prime factors of a.
3, 13, 227
List the prime factors of (-239)/(-27)*15*(-24)/(-40)*54.
2, 3, 239
Suppose -4*h = -3*w + 19589, -5*w - 3146 = -h - 35800. What are the prime factors of w?
3, 7, 311
Suppose -3*h - 2*c + 642 + 14184 = 0, 5*h + 3*c = 24708. What are the prime factors of h?
2, 3, 823
Suppose -2*p + 5949 = 1429. Suppose 126*l - p = 116*l. List the prime factors of l.
2, 113
Suppose 3*p - 4*s - 5930 = 0, 39*p - 35*p - 3*s = 7909. Suppose 0*v + 2*v + p = 2*h, 3*v = -5*h + 4913. List the prime factors of h.
5, 197
Suppose u = -3*x + 12045, 12*x = 15*x - 9. List the prime factors of u.
2, 3, 17, 59
Let v be 9/(-4)*(-40)/15. Suppose v*r + 44 = 8*r. Suppose -2*d = -r + 6. What are the prime factors of d?
2
Let a = -6270 - -18615. List the prime factors of a.
3, 5, 823
Suppose -l + 3*z = 4*l - 505, l - 101 = 5*z. Let o = 133 - l. What are the prime factors of o?
2
Suppose -7*a = 11*a - 33*a + 399510. List the prime factors of a.
2, 3, 23, 193
Let w = -32 - -38. Let a be 1/2 + (-69)/(-12)*w. List the prime factors of a + (-8)/(-2) - -2.
41
Suppose -16*z + 143687 = -197385. List the prime factors of z.
21317
Let x(t) = t**2 - 2*t - 19. Let q be x(-6). Suppose -5*f + 49 = q. List the prime factors of f/(-5) + 1464/30.
2, 3
Let i(p) = p**2 - 125*p + 346. What are the prime factors of i(-41)?
2, 3, 149
Let z be 1*(-3175)/(-20)*8. Suppose 9 + 3 = -3*n, -z = -3*v - 5*n. What are the prime factors of v?
2, 5, 43
Let l(u) = 1 + 2 + 46*u - 44*u. Let b be l(-4). Let f(h) = -h**2 - 5*h + 10. List the prime factors of f(b).
2, 5
Let h = 3398 + 1502. List the prime factors of h.
2, 5, 7
Suppose -2*q + 3*w = -7*q - 13, 3*w - 17 = q. What are the prime factors of (-54982)/(-185) - 4/q?
2, 149
Let h = -8 + 11. Let s(v) = 45*v - 111*v + 0 - v**2 + 74*v + 8*v**2 - 9. What are the prime factors of s(h)?
2, 3, 13
List the prime factors of (17 - (-16 - -31))*1261/4*86.
13, 43, 97
Let z = -14 - 36. Let a = -50 - z. Suppose a = 5*m - 221 - 494. List the prime factors of m.
11, 13
Let d(t) be the first derivative of 29*t**3/3 - 2*t**2 + 3*t + 1. Let a be d(1). Let o = a + 47. List the prime factors of o.
3, 5
Let c(h) = -h + 5. Let s be c(8). What are the prime factors of (-16608)/(-54)*s/(-4)*3?
2, 173
Let a(h) = 1693*h + 2845. List the prime factors of a(15).
2, 5, 353
Suppose -8*m + 216 = 448. List the prime factors of (-1294)/(-7) + m/(-203).
5, 37
Let i(t) = -t**2 + 2*t - 3. Let x be i(-2). Let w(b) = -b**3 - 11*b**2 + 3*b + 25. Let p be w(x). What are the prime factors of (33/(-9))/(p/192)?
2, 11
Let y(p) = 628*p**2 - 8*p + 2. Let j be y(1). List the prime factors of (-2 - (-7 + 3))*j/4.
311
Let y = 18226 + -12783. List the prime factors of y.
5443
Suppose -3 = -3*c + 3. Let z(h) be the second derivative of 2*h**5/5 - h**4/12 - h**3/3 + h**2 + 20*h. List the prime factors of z(c).
2, 29
Let m(b) = -4*b + 37. Let w be m(5). Suppose 4*c + 5*q + 11 = -2, -w = c + 4*q. Suppose 0 = -5*p - c*p + 312. List the prime factors of p.
3, 13
Let u = 81026 - 46201. What are the prime factors of u?
5, 7, 199
Suppose 208*q - 192*q - 228655 = -13471. What are the prime factors of q?
3, 4483
Suppose 4*p - 9368 = 4*u, -97*u = -7*p - 101*u + 16438. What are the prime factors of p?
2, 3, 17, 23
Let x(u) = -2*u + 44. Let y = 43 + -58. Let w be x(y). Let h = w - 67. What are the prime factors of h?
7
Suppose -3*v - 109 = 2*j, j + 108 - 21 = 5*v. Let b = -57 - j. Suppose b*i - 1052 = -c, -4*c + 20 - 876 = -4*i. List the prime factors of i.
211
What are the prime factors of -4 + -4 - (11*-1 + (-32 - 61588))?
3, 41, 167
Let u be (11 - (-460)/(-40))/((-1)/16). Let h(r) = r + 7. Let n be h(-8). List the prime factors of (u/6)/(n/129*-2).
2, 43
Suppos